 -2) + -46 + -35 + 62?
-19
Evaluate -13 + (4 - -24) + (-2 - 2 - 26).
-15
What is 2 + (7 - 1) + (-8 - -6) + -6 - 5?
-5
Calculate 9 + (12 + -26 - -24) + 47.
66
What is the value of (-1 - 20) + -2 + -5647 + 5669 + 0 + -76?
-77
Evaluate (-46 - (-18 - 35)) + -25.
-18
(-33 - -27) + (-1 + 10 + -4 - (11 - -74))
-86
Evaluate 69 + 0 + -12 - (18 + -43 - -20).
62
Calculate (78 - (-90 + 173)) + (68 - 3).
60
What is -47 + (-57 - -124) - -34?
54
Evaluate (2 - (1 - 20)) + -77 + 51 + 24.
19
Calculate (-104 - -98) + -28 + 59.
25
Calculate -42 + 22 + 2 + (36 - (-14 - -64)).
-32
What is the value of 59 + -16 + -26 - -7?
24
2631 + -2740 - (-2 + -75)
-32
Evaluate -49 + (47 - 90) + 93.
1
What is the value of 15 - (4 - (16 + (-16 - -27)))?
38
What is -1 - ((-456 - -438) + 2 + 2 + 23)?
-10
Calculate 43 + -1 - (175 + 39 + -193).
21
What is the value of 3 - (9 + -11) - -31 - (-5 - -27)?
14
138 - (-114 + 279 + -27)
0
22 + 4 + 6 + 16 + -13
35
Evaluate -18 + (10 + -52 - (-4 - -27)).
-83
3 + -19 + -1 + 20 - 6
-3
What is 483 - 546 - (19 + -8 - 8)?
-66
What is 6 - (263 + -263 - (-2 - -52))?
56
Evaluate 46 - (9 - -14 - -30).
-7
Evaluate -3198 - -3235 - (6 + -9 - (-2 + 4)).
42
Evaluate -11 + (-7 - ((-9 - -26) + -52)) + -84.
-67
Evaluate 41 + (-42 - -8) - (-7 + 6 + -133).
141
Calculate 248 - (-187 - -429) - (-1 - (1 - (41 - -2))).
-35
Evaluate 22 - (2 + -32 + 84).
-32
What is the value of -111 - (5 + (-226 - -81))?
29
Calculate -151 - -140 - (-8 + -7).
4
-13 + -362 + 338 + (1 - -37) - -118
119
What is the value of 14 - ((-4 - 8 - 3) + 26 + -22)?
25
What is 1 - -24 - (158 + 22 + -110)?
-45
What is 27 - (20 + -8 - 11)?
26
Evaluate (54 - (-27 + -11)) + -50.
42
What is 39 + (63 - (-27 + 145))?
-16
What is the value of (22 - (0 - 18)) + 2?
42
Evaluate -95 - -90 - -5 - (1 + -24).
23
Evaluate 2 - (2 + 1 + -9 + 3 - (55 - -28)).
88
Calculate 184 + -241 + (258 - 126).
75
What is -165 + (2 - -35) - -63?
-65
What is ((-12 - -6) + (4 - (-12 + 1)) - 23) + 31?
17
What is -29 + -33 - (4 - -29) - -21?
-74
-92 + (11 + -2 - (-6 - -19) - -12) + 12
-72
What is (-16 - ((6 + -10 - -14) + 42)) + -17?
-85
Calculate -2 + 3 + (-77 - -45) + 34.
3
5 + (2 - 63 - -10 - (9 - 14)) - -10
-31
Evaluate (-78 + 52 - (3 - 9)) + 1 + -4.
-23
Calculate 0 + (-147 - -132) - (-110 - 2).
97
4 + (3 - 13 - 3) + 0 + 1
-8
-37 + -12 + (23 - 23)
-49
Evaluate -2 + 0 + (-1 - 117) + 50 + (-95 - -40).
-125
(6 - (19 - 1)) + -6 - 28
-46
(-27 - 3) + -3 + 87 + -58
-4
What is (-24 - (-30 - -54)) + 58 - (1 + 64)?
-55
What is the value of 55 - (-28 + 37 + 2)?
44
What is 14 - 1 - (90 + -9 - 72)?
4
What is 8 + 0 - (89 - 7 - 52) - 12?
-34
(-189 - -98) + (-8 - 0) + 9
-90
18 - (-103 + 135) - (-1 + -66)
53
(-132 - 15) + 44 - -145
42
What is -22 - 0 - (-56 + (-15 - 27) + 1)?
75
Calculate (7 - (-1 + -1 - (-83 + 85) - -18)) + -11.
-18
-3 - ((257 - 134) + 1)
-127
Calculate -194 + (245 - 50) - (9 - (-3 + 1)).
-10
What is the value of (1 - (4 + 4)) + -9 - (-5 - 60)?
49
What is the value of -11 + 40 - (-5 + 39) - 54?
-59
Evaluate 4745 + -4747 - (-2 + 71).
-71
Calculate (-1 - 0 - -61) + -43413 + 43421.
68
What is the value of -49 - (-42 - (-58 - -22) - (-10 - (-1 + 1)))?
-53
Calculate (38 - 105) + 78 - (-4 + 3 + 1 + -2).
13
What is (22 - 4) + 21 - 27?
12
1 - (5 + -3) - (-136 + 132) - -86
89
Calculate 25 + (-148 - -134) - 50.
-39
Evaluate 141 - 132 - (92 + -76).
-7
Evaluate -21 + -24 - (-13 + (-2 - -2) + 2).
-34
Evaluate (7 - (-1 + -4 - (-3 + -1))) + -38.
-30
Calculate 47 + 9 + 0 + (67 - 90).
33
What is -71 - -15 - ((-10 - 4) + (2 - -16))?
-60
What is -19 + (-27 - (6 + -21) - (0 - 7))?
-24
What is 35 - (13 - -6) - (0 + -19)?
35
Calculate (-120 - -77) + -31 - -86.
12
What is -79 + -29 + 77 - -72?
41
What is 6 + 29 - (1374 + -1282)?
-57
What is (24 - -6) + (-47 - -50 - (-8 - 0))?
41
What is the value of (162 - 114) + (-8 - (13 - 3))?
30
Calculate (61 + 2 + 2 - 0) + (-6185 - -6172).
52
Evaluate -8 + (10 - 1 - (4 + 7 + 12)).
-22
Calculate -25 - (-46 + (51 - -25)).
-55
What is the value of (57 + -18 - 57) + -19?
-37
What is (3 - -12 - (1 - 0)) + 4850 + -4836?
28
Evaluate -2 - -2 - (109 - 133) - 8.
16
What is (-57 - -2) + (880 - 868)?
-43
(-14 + (-11 + (9 - -3) - -11) - -12) + 19
29
12 - (892 - 895 - (-1 - ((3 - 2) + -2)))
15
59 + 1 + -10 + -3 + -41 + 39
45
Evaluate (-1 - 1) + (-14 - -8 - 0 - -24).
16
Evaluate 1 - 11 - (-257 - -227) - 17.
3
What is 15 - 1 - (-384 - -399) - (-50 + 2)?
47
Calculate (-70 - -115 - 66) + -71.
-92
-4820 + 4758 - (4 + (-20 - 0))
-46
What is the value of 15 + 2 - (30 - -19 - 36)?
4
What is -23 - (3 - (19 + -6) - -6)?
-19
What is -1668 + 1625 - (-27 - 3)?
-13
-36 + -75 + (41 - (-38 + 40))
-72
Calculate -1 + -1 - (35 + -2).
-35
What is the value of 43 - (-16 - (-109 - -120))?
70
What is the value of 1 + (-2 - 3) + -10 + (7 - -3) + 5?
1
What is the value of -42 + 73 + -24 + -23 + -20?
-36
1 + 11 + (-16 - -1 - (-4 - (129 - 38)))
92
What is the value of -31 + (-3 - -34 - 13)?
-13
(9 - 14 - 3) + -42 + 6 + -4
-48
Evaluate -113 - (-60 + 72) - -65.
-60
Evaluate -9 + (-9 + 12 - -21 - 11) - (0 + -18).
22
What is -4 + 13 + (-16 - (-10 + 18 + 3 - -116))?
-134
Calculate -14 + (-28 - -10) + 156 + (2 - 23).
103
Evaluate (-129 - -91) + 100 + 3.
65
-1 + 31 - (-992 - -1054)
-32
What is 1 - (81 + (10 - (-10 - -45)))?
-55
What is the value of -14 - (-6 - 1) - 14 - (-8 - -1)?
-14
What is the value of -119 + (34 - -15) + 29?
-41
What is 128 + 35 + -38 - (10 + -17 - 16)?
148
Evaluate -28 + -4 + -16 + 36 + -8 + 1 + 4.
-15
What is -45 - ((29 - 63) + -14)?
3
Evaluate 25 + (54 - 68 - -14).
25
What is (14 - 10) + (-47 + (1 - -14) - -20)?
-8
Evaluate 1 - (0 + -37) - (2 + -8 - -21 - 22).
45
What is the value of 3 + -1 - -4 - (-6977 - -6997)?
-14
Calculate 67 + (11 - -39) + -108.
9
Evaluate -1 + (-163 - 0) - (1582 + -1616).
-130
What is the value of 3 + 2 + 1 - (188 - (350 + -173))?
-5
-31 - 22 - (10 - 1 - 21)
-41
What is (-1 + 0 + 9 - (-15 + 16 + 8)) + 8?
7
7 - (2 + 17 + -3) - -27
18
Evaluate (-15 - (-16 + 8)) + (7 - (17 - 26)) + -45.
-36
Calculate (-41 + 66 - 43) + 44.
26
What is (16 - (-9 - 12 - -29)) + (3 - (-61 + -6))?
78
What is 143 + (120 - 163) + -148?
-48
(3 - 29) + -7 + (-12 - (-34 + (11 - 6)))
-16
What is the value of 0 - (-3 + 10 + 0) - (-14 - (10 + -68))?
-51
Calculate (-33 - (-35 - -27)) + (0 - 21 - -8).
-38
Calculate 60 + (26 - -6) + -45 + 7.
54
Calculate (-8 - -27 - (47 + -58)) + -44.
-14
What is the value of (1 - (-4 + -1 + 2)) + (-9 - -34)?
29
38 + 0 + (-4 - (-14 - 1)) - 0
49
(0 - 5) + 30 + -55 + 28
-2
What is (-1 - -13) + (11 - (-91 - -21) - (-5 + -12))?
110
(-19 - 1 - (-5 - 2) - -6) + (89 - 72)
10
Calculate -1 + -52 + (-208 + 124 - -103).
-34
Calculate 34 + -3 + -25 + 37.
43
What is 29 - (-97 + (-95 - -232))?
-11
Calculate (-39 - 29) + 2 + (-11 - -12) + (-1 - -2).
-64
-1 + -20 - (-19 + 44) - (0 - 10)
-36
-9 + 6 + -7 + -11 + -1 + -13
-35
Evaluate 117 + -3 + (0 - 30) + 18.
102
What is -22 - (279 - 259 - (-2 + 1))?
-43
What is the value of (-20 - (-16 - -40 - 62)) + -15?
3
Evaluate 163 + 6 + -1835 + 1697.
31
Calculate -845 + 879 + 1 + 7.
42
What is 6 - -29 - (3 - (-9 - -20 - 6))?
37
Calculate 13 + (-8 - -17) + -8 + 1 + 9.
24
What is (-15 - -16 - 12) + -1 - (106 + 12)?
-130
What is 15 + 15 + (-7 - (7 - (0 + -2))) - -1?
15
-109 + 132 + (20 - 134) + -1 + 3
-89
What is 24 + -24 + (-2 + 10 - 46)?
-38
What is the value of 17 + -58 + 20 - 39?
-60
What is (-42 - -3) + 17 + (-41 - (-54 + 29))?
-38
What is the value of ((-7 - -5) + -14 + 10 - -17 - 8) + -5?
-2
Calculate (-1 - -16 - 3 - (-358 - -365)) + (-1 - -19).
23
(2 - (-23 + 12)) + -3 - -21
31
What is -189 + 152 + (0 - -55)?
18
(37 - 139) + 83 - (-8 - 1)
-10
Evaluate 10 - (19 + -19) - -14.
24
What is -12 + -2 - (-371 - -405)?
-48
What is -50 + 73 + -39 - -33?
17
Evaluate 115 - (-56 + 34) - (28 + -14).
123
(-11 - (19 - 16)) + (-91 - -148)
43
Calculate 1 + 16 - (-195 - -222) - (36 + -1 - 9).
-36
Calculate -20 + (17 - (-48 - -33)).
12
-73 - -53 - -7 - (-2 - 1)
-10
155 - 118 - (1 + 76)
-40
What is (24 - (90 + -17 + -43)) + -108?
-114
-54 + (48 - (-40 - -101)) + 6 + (-1 - -5)
-57
26 - (-13 + (-8 - -43) + 12)
-8
What is 3 - (-28 + -4) - (2656 + -2557)?
-64
Evaluate 8 - (1 + 6) - ((19 - 2) + 5 + 0).
-21
Evaluate (53 - 51) + 4 + -2 + (-6 - (-28 - -7)).
19
What is -13 + (9 - 11) - (11 - (1 + -2 + 0))?
-27
-50 